f d?
5
Let k(z) = -2*z**2 + z + 45. Let l = -14 + 36. Let a = 22 - l. What is the tens digit of k(a)?
4
Let f = -15 + 19. Let i be (1/(-2))/((-1)/f). Suppose -2*d + 52 = i*d. What is the tens digit of d?
1
Let m = -1014 + 1448. What is the tens digit of 1*(m/10 - (-8)/(-20))?
4
Suppose 41 = -5*x - q + 135, -5*x = 3*q - 102. What is the units digit of x?
8
Let g = -1257 - -2626. What is the tens digit of g?
6
Suppose 22 = 3*u - 5*a, 2*u - 3*a = 7*u - 14. Suppose 0 = n + u*f - 89 + 23, 3*n - 2*f - 156 = 0. What is the tens digit of n?
5
Let u(r) be the first derivative of 5*r**2/2 + 4*r + 34. Suppose 13 + 1 = 2*y. What is the units digit of u(y)?
9
Let m = -7 - -4. Let b be (3/9)/((-5)/60*4). What is the units digit of b + 2 + (-15)/m?
6
Suppose 12*y - 3810 = 11*y - 5*p, 2*p + 11498 = 3*y. What is the hundreds digit of y?
8
Let r = 3007 - 1335. What is the tens digit of r?
7
Suppose 5 = -k, 2*u = 2*k - 94 + 356. Suppose -3*m - 5*p + u = -182, 0 = m - 2*p - 121. What is the tens digit of m?
1
Suppose 72*h = 169378 - 42010. What is the thousands digit of h?
1
Let s(c) be the third derivative of 3*c**6/40 - c**5/60 + c**4/24 + 4*c**2. Let i be s(1). Suppose i = -3*v + 4*v. What is the units digit of v?
9
Let q = -6 - -18. What is the units digit of 102/q - (-2)/4?
9
Suppose 6*q + 92 = 2*q. Let y = -9 - q. What is the units digit of 246/10 - y/(-35)?
5
Suppose 4*w - 4*r - 5420 = 0, 0 = -4*w + 2*r - 4*r + 5408. What is the units digit of w?
3
Let u = 12 - -69. Suppose 39 = 2*c - u. What is the tens digit of c?
6
Let d(b) = -6*b - 14. Let t = -55 + 42. What is the tens digit of d(t)?
6
Suppose -9 = 3*z, -2*r - z = 2*r - 1653. Suppose r = h + 5*h. What is the units digit of h?
9
Suppose -12 + 3 = -t - 3*i, 4*t - 3 = -i. Suppose 4*d + t*d + 111 = 3*q, 15 = 5*d. Let p = 61 - q. What is the tens digit of p?
2
Suppose -3*g = -t + 2*t - 1489, 2*g = 2*t + 998. What is the hundreds digit of g?
4
Let k = -36 + 69. Let x = k + 16. What is the units digit of x?
9
Let y = 1328 + -326. What is the thousands digit of y?
1
What is the hundreds digit of (-1 - -4)*((-483)/(-9) - -2)?
1
Let o be 0/(0 + 1 + 0). Suppose -1 = r + 4*k + 3, -r + 2*k - 34 = o. What is the tens digit of -1 + (-16)/12*r?
3
Suppose -7 - 3 = -5*d. Suppose f - d*f = -8. What is the units digit of f?
8
What is the units digit of 5145/175 + (-2)/5?
9
Suppose 0 = -8*u + 23 + 1. Suppose 0 = u*f - 4*j - 173, j = 8*f - 4*f - 222. What is the units digit of f?
5
Suppose 3*b = -853 - 3137. Let l be b/(-21) + (-4)/(-6). What is the tens digit of (-3 + 0)*l/(-6)?
3
Let a = 235 + -249. Suppose -48 = -u + 21. Let j = u + a. What is the units digit of j?
5
Let j = 228 - -78. What is the tens digit of j?
0
Suppose 46*j - 280 = 6*j. What is the units digit of j?
7
Suppose 122 = 3*b + 5*i, 176 = 4*b - 0*i + 4*i. Suppose -2*h + 43 + b = 0. What is the units digit of h?
6
What is the tens digit of 3/(-6) + (7050/(-12))/(-5)?
1
Let a = 66 - 36. Let g be (-106)/10 + (-12)/a. Let j(y) = -y**3 - 12*y**2 - 14*y - 4. What is the tens digit of j(g)?
2
Suppose 6*y - 2*y = 16. Let p be (-4)/34 + (-350)/(-85). Suppose -p*u + 96 = y*f, -u - 80 = -4*u + f. What is the tens digit of u?
2
Let y(x) = -6*x + 33. Let v be y(5). Suppose 5*r = v*d - 763, -d + 2*r + 58 = -198. What is the hundreds digit of d?
2
Let z = -375 - -439. What is the units digit of z?
4
Suppose -3*v = -5*c + 9, -v = 3*v - 5*c + 12. Let l(q) = q**3 + 3*q**2 - 2*q - 2. Let s be l(v). What is the units digit of 2/(s/(-2)) + 10?
9
Suppose -h = -5*g + 36, 2*g + 8 = 3*g - h. Let f = 65 - g. What is the units digit of f?
8
Suppose 144 = 5*x - 246. Suppose -3*t + 0*t = -x. What is the tens digit of t?
2
Let q(i) = 2*i**2 + 4*i - 13. Let j be (-24)/(-20)*1*-5. What is the tens digit of q(j)?
3
Let v(g) = 14*g + 96. What is the hundreds digit of v(16)?
3
Suppose 5*b + 74 - 394 = 0. Let f = b - 22. What is the tens digit of f?
4
Let t(d) = 51*d**3 - 2*d**2 + 2*d - 1. Let b be t(1). Let i = b - 48. What is the units digit of i?
2
Let k(t) be the third derivative of t**6/20 - t**5/60 - t**4/24 + t**3/6 - t**2. Let g be k(1). Suppose -g*b = -0*b - 130. What is the units digit of b?
6
Let r(t) = 64*t + 33. Let m be r(5). Let b = m + -189. What is the units digit of b?
4
Let o be -115 - 3/(-6)*-6. Let d = o + 180. What is the units digit of d?
2
Let t = 68 + 307. What is the units digit of t?
5
Suppose 0 = 3*t + 4*a + 8 - 5, 4*t - 2*a = 18. What is the units digit of (-9 + 4)*((-762)/10)/t?
7
Let m be (-207)/6*4/(-2). Let g = m + -38. What is the units digit of g?
1
What is the hundreds digit of (-1040 + -2 + 7)/(-1)?
0
Suppose -4 - 2 = 2*f. Let g be (3 + -6)*(-1)/f. Let b = g + 5. What is the units digit of b?
4
Suppose -11*j + 16*j - 1695 = 0. What is the tens digit of j?
3
Suppose -4*y - 3*h + 193 = 0, 5*y - 206 - 64 = 2*h. What is the units digit of y?
2
Suppose 18 = 2*o + 7*o. Suppose 4*t = 2*c + c + 712, t = -o*c + 178. Suppose 2*y - 5*d = 5*y - t, 4*y - 3*d - 247 = 0. What is the tens digit of y?
6
Suppose 0*c - 4*c - 164 = 0. Let l = c - -77. Let r = -13 + l. What is the tens digit of r?
2
Suppose 3*t + 8 = 5, 5*u + t - 5514 = 0. What is the units digit of u?
3
Suppose -3*d + 75 = 13*g - 11*g, 2*d = -10. What is the units digit of g?
5
Let m(j) = 15*j**3 + 1. Let w be m(1). Suppose 3*n = n + w. What is the units digit of n?
8
Let v = -8 - -10. Suppose 4*d - 4 = 2*f + 12, 3*d - 5 = -v*f. Suppose -3*j = -2*q + 5, -5*q + d*j + 14 = -21. What is the units digit of q?
0
Suppose -8 = -4*w - 5*y, -w - 4*w = y - 10. Suppose -t - 36 = -w*t. Let b = -8 + t. What is the tens digit of b?
2
Let s(z) be the first derivative of 24*z**2 - 9*z - 17. What is the units digit of s(2)?
7
Suppose 0 = 2*o + 6, 29 = -l + 3*o + 71. What is the units digit of (-4)/22 - (-138)/l?
4
Let o = 937 + 796. What is the tens digit of o?
3
Let y(h) = 2*h**2 + 7*h - 118. What is the hundreds digit of y(13)?
3
Suppose 0 = -79*p + 69*p + 8100. What is the tens digit of p?
1
Let p(v) = -v**3 - 31*v**2 - 62*v + 21. What is the units digit of p(-30)?
1
Let k = -11 - -13. Suppose -2*r + k*v = -v - 237, -2*r - 4*v = -258. Suppose 5*a - r = -2*c, a - 43 = -2*c - 12. What is the units digit of a?
3
Let x(q) = q**2 - 12*q + 2. Let o be x(12). Suppose 24 = -4*y - 4*w, 0 = y + o*w + 5 + 6. What is the tens digit of (-2 - y)/(5/(-50))?
1
Suppose -121 = -4*h + 3*h + 5*v, -h - 4*v + 139 = 0. Suppose -h - 232 = 3*z. Let u = -79 - z. What is the units digit of u?
2
Let n(p) = -9*p**2 - 4*p + 6. Let c be n(4). Let o = c - -278. What is the hundreds digit of o?
1
Suppose 4*n - 10 + 14 = 0. Let d(k) = -179*k + 3. What is the tens digit of d(n)?
8
Let i(f) be the third derivative of f**6/120 + f**5/20 - f**4/8 + f**3/2 + 5*f**2. Let t be i(-3). What is the tens digit of (-2)/(-8) - (-189)/t?
1
Suppose -3*c = 3*j - 4*c - 192, -4*c - 320 = -5*j. What is the units digit of j?
4
Let w(z) = z**3 + 12*z**2 - 3*z - 10. Let g be w(-10). Let t = g - 120. What is the units digit of t?
0
Let h(a) = -a**3 - 17*a**2 - 25*a - 37. What is the units digit of h(-17)?
8
Suppose -4*f = 2*c - 98, -3*c - 7*f + 5*f = -143. Suppose -3*n + 191 = c. What is the tens digit of n?
4
Let u be ((-1)/(-2))/((-4)/16). Let z(r) = -3*r - 2. Let g be z(u). What is the units digit of 10/g*(-66)/(-15)?
1
Let w(c) = c**2 + 26. Suppose 0 = -5*a + 4*a + 21. Let r = a + -21. What is the tens digit of w(r)?
2
Let m(w) = 5*w - 253. Let s(i) = 3*i - 169. Let x(t) = 5*m(t) - 8*s(t). What is the units digit of x(0)?
7
Suppose -d + 997 = -4*r, -r = 2*r - 3*d + 741. Let k = -126 - r. What is the units digit of k?
4
Let k be (-1)/2*468/3. What is the hundreds digit of (-3384)/(-26) + 12/k?
1
Let c be 3 - 651/((-15)/5). Suppose 9*g - 5*g - c = 0. What is the units digit of g?
5
Let m(f) = f**3 + 3*f**2 + 4*f + 5. Suppose -11 + 14 = -w. Let a be m(w). Let n = 57 + a. What is the tens digit of n?
5
Suppose 76*n - 31*n - 81540 = 0. What is the hundreds digit of n?
8
Let o be (-12)/(-30)*(65 - 0). Suppose -2 = l - o. Suppose 0 = 5*c + l - 124. What is the tens digit of c?
2
Let t(y) = -y**2 - 10*y - 9. Let r = 13 - 22. Let h be t(r). What is the units digit of 21 + h + (5 - 2)?
4
Let o = -416 + 649. What is the hundreds digit of o?
2
Let p = 1510 + -818. Suppose -21*o +